. Let u(d) be the third derivative of d**5/20 + 5*d**4/24 - d**3/6 - 12*d**2. Is u(a) a prime number?
False
Let i = -412 - -415. Let a = 10 - 4. Suppose -5*z + 874 = i*s, 2*s - 5*z = a*s - 1167. Is s a composite number?
False
Let o be 1/3 + (-21)/9. Let y(k) = 2*k**2 + 4*k + 2. Let f be y(o). Suppose -3*i + 3*n = -0*i - 144, -2*n = f. Is i a composite number?
False
Let n be 1 - 8295/(-14)*8/10. Suppose 7*x - 12 = 3*x. Suppose 2*m = -x*m + n. Is m a composite number?
True
Let c be 5/15 - (-40)/6. Suppose -3*l - 53 = c. Is (159/4)/((-15)/l) composite?
False
Let s = 1235 + -859. Suppose 5*p = n - 102, 0*p = -3*n + p + s. Is n a composite number?
False
Let q = -7 + 18. Let k = 9 - q. Is 1/k*0 + 19 composite?
False
Let i(f) = 137*f**2 + 9*f - 1. Is i(-4) a prime number?
False
Suppose -3*k - 2*h = -7179, k + 7*h - 9*h - 2393 = 0. Is k prime?
True
Let i be (-12)/9 + (-12)/(-9). Suppose 5*y + 697 = 4*p, -4*p - 2*y + i*y = -662. Suppose 91 = 7*g - p. Is g composite?
False
Suppose -16*y + 4 = -20*y. Let a(r) = -490*r - 5. Is a(y) prime?
False
Let m(x) = -3*x - 2. Let l be m(0). Let w = -24 - -17. Is (-3131)/w - l/(-7) a composite number?
True
Suppose -9 = -2*h + q, -3*h = h + 5*q - 11. Suppose -12 - 4 = h*j. Is 2/j + 239/2 prime?
False
Let y = -45 - -63. Let p = y + -11. Is (7/p)/(2/138) a composite number?
True
Suppose 5*i = 1208 + 662. Suppose z - 2*z = -j - i, -j + 5 = 0. Is z a composite number?
False
Let p(m) = m + 189. Let v be p(0). Let i = -143 - -241. Let w = v - i. Is w prime?
False
Let z be (-2)/(-14) - 117/(-63). Let j(k) = 67*k**3 - k**2 + 2*k - 2. Let w be j(z). Suppose y = -3*l - 48 + w, 0 = l - y - 166. Is l prime?
True
Suppose -4*h - 5*z = -5335, 3*h - 4*z - 3547 - 462 = 0. Suppose h = 27*o - 22*o. Is o a prime number?
False
Suppose 1 = 4*b - 3. Let g = b + -1. Suppose -3*r + 23 = -4*y, 2*y + g*y + 18 = 2*r. Is r a composite number?
False
Let l = 11289 - -11828. Is l a composite number?
False
Suppose -40222 = -3*z + 4*i, 5*z + 47*i = 43*i + 66994. Is z composite?
True
Let b be ((-24)/18)/(-1 - 3919/(-3921)). Let v = 6159 - b. Is v composite?
True
Suppose -3*w + 2*w = -3. Suppose f - 1 = -d - 0*f, w*f - 5 = -d. Is d/2 - (-798)/4 a composite number?
False
Let i be -1 + 4 - (-1 - 862/2). Is (6 - 4)/(6/i) composite?
True
Suppose 4*i + 1217 = -d, 3 = -0*d - 3*d. Let r = i - -945. Is r prime?
True
Suppose 0 = -20*c + 6*c - 264222. Let g = 27082 + c. Is g composite?
False
Is 4/8 + ((-2499)/(-2) - -3) prime?
False
Suppose -4*p + 7*x + 64 = 3*x, 2*p - 27 = x. Suppose 8*d = p*d - 3. Let a(s) = 382*s**3 - s**2 - s + 1. Is a(d) prime?
False
Suppose 0 = -y - h + 2, -h + 17 = 4*y - 0*y. Suppose 0 = 7*o - y*o. Let p(n) = n**2 - n + 69. Is p(o) composite?
True
Suppose t = -t. Suppose t = -5*c - 24 - 6. Let n(i) = i**3 + 8*i**2 + 6*i - 5. Is n(c) a composite number?
False
Let c = -28315 - -64634. Is c a composite number?
False
Let s = 1718 + -321. Is s composite?
True
Suppose -o = 3*r - 353, 3*r - o - 3*o = 343. Suppose 4*p - 5*n = 172, 3*p + 2*n = 12 + r. Is p a prime number?
True
Let y = 112 - 101. Suppose 15*r = y*r + 3988. Is r composite?
False
Suppose 72515 = 5*q + 2*x, q - 3*x = -0*x + 14503. Is q prime?
True
Let j(d) = -d**3 + d**2 - d + 179. Let r be j(0). Suppose -l + 144 = -r. Is l composite?
True
Suppose -2*p - 2*f = -166, 2*f = -2*f + 20. Suppose 0 = 82*q - p*q - 6236. Is q composite?
False
Is 466604/40 - 4/40 a composite number?
True
Let i(l) = -l**2 - l - 3. Suppose 7*h - 2*h = 0. Let f be i(h). Is (-1 - f) + 49 + 2 composite?
False
Suppose 16*i = 12*i + 16, -2*x + i + 19578 = 0. Is x a composite number?
False
Suppose 17*u = 15*u + 6, -3*u + 25878 = 3*w. Is w a prime number?
True
Let i = 476 + -189. Let m = -146 + i. Is m a prime number?
False
Let d be 347 - ((-5)/5 + -4). Is 4 + (-18)/6 + d a prime number?
True
Let s be (15/10 + -1)/(2/4). Is (3 - s) + -2 + 303 composite?
True
Let k be (-53395)/(-20) + 1 - (-3)/(-4). Let j = 7261 - k. Is j a prime number?
True
Let c be 3 + 3/(-12)*0. Suppose -c*m = -3*y + 117, -2*m - 2*m - 8 = 0. Let f = y + -22. Is f a prime number?
False
Suppose 0 = 4*j + 5*f - 11, 2*j - 3*f = -9 - 2. Is 2/(7912/(-7928) - (j - 0)) prime?
True
Is (2/((-4)/9029))/((-21)/42) composite?
False
Let u(h) = -3*h - 3. Suppose -4*z - 3 = 5. Let w be u(z). Suppose 0 = -w*a - c + 163, -4*c + 21 = -4*a + 249. Is a composite?
True
Let n be 7078 + ((-3)/1)/3. Suppose -5*t + 5*h = -n + 127, -5575 = -4*t - h. Is t a composite number?
True
Let k = 5162 - 721. Is k prime?
True
Suppose 4*b + 20 - 12 = 0, 4*r - 63678 = 5*b. Is r a composite number?
True
Is 14845*1 + (-105)/(-15) + -9 a composite number?
False
Suppose 0 = j + 6 - 0. Let v(w) = w + 8. Let n be v(j). Suppose 0 = n*x - 4*x + 38. Is x a composite number?
False
Let r = -263 - -5470. Is r composite?
True
Is (-27)/9 - -5 - -13305 composite?
True
Suppose -83*n + 9255 = -78*n. Suppose 2*y - 311 = n. Is y composite?
True
Let l(v) be the third derivative of 0 + 0*v - 5/6*v**3 - 199/24*v**4 - 9*v**2. Is l(-4) a composite number?
True
Suppose 3*g - 3*a = 11526, g - 19237 = -4*g - 4*a. Is g a prime number?
False
Let n be 2/4 + (-635)/(-2). Let r(z) = -z**3 - 5*z**2 + 9*z + 41. Let u be r(-8). Let o = n + u. Is o a prime number?
True
Let w(p) = -477*p**3 - 23*p**2 - 7*p - 4. Is w(-3) prime?
True
Let y(l) = 8 - l - 8 + 3*l. Let s be y(3). Suppose s*m = m + 185. Is m composite?
False
Let n(z) = z**3 - 2*z**2 + 2*z. Let t be n(2). Suppose -2722 = -2*s + o, t*s - 4083 = s - 3*o. Is s composite?
False
Let p = 1050 - 729. Let h = -88 + p. Is h a prime number?
True
Suppose -b + 3*b - 3*h + 28 = 0, 0 = -5*b + 5*h - 65. Let w = b - -9. Is (-1 - -115) + (-2)/w a composite number?
True
Suppose 13 = 3*m + 25. Is m/(-6) + (-42344)/(-24) prime?
False
Let w(s) = 3*s**2 + 2*s + 14. Let y(b) = 4*b**2 + 3*b + 21. Let n(m) = 7*w(m) - 5*y(m). Suppose 0 = r + 3*a + 3, -2*a = 4*r - a + 34. Is n(r) a prime number?
True
Let v(l) = l**3 - 3*l**2 + 6*l + 4. Let y be v(9). Let t = 885 - y. Suppose -133 = -6*j + t. Is j a composite number?
False
Is 5 + (-25)/5 - (-46297 - 4) prime?
True
Let z = -1421 + 967. Let w = 215 - z. Is w a composite number?
True
Let z(d) = -17*d**2 - 4*d - 14. Let m(a) = 15*a**2 + 3*a + 13. Let p(b) = 5*m(b) + 4*z(b). Is p(8) a prime number?
True
Suppose -3*i + 6 = -2*h, 4*h - 28 = -7*i + 3*i. Suppose j - h*j + 6 = 0. Suppose -3*k = 2*k - j*l - 110, 0 = -2*l - 10. Is k prime?
True
Let u(y) = -4*y**3 + 17*y**2 + 4*y + 5. Let x(h) be the second derivative of -h**5/20 + h**4/12 - 9*h. Let t(q) = u(q) - 3*x(q). Is t(13) prime?
False
Let b = 88 + -27. Let t be (54/24)/(3/(-32)). Let k = b + t. Is k a composite number?
False
Let n be (-3)/2 - (-310)/4. Let m = -9 + n. Suppose -u = -2*u + m. Is u a prime number?
True
Let s be 3*3/9 - 1. Let r = 11 + s. Suppose r*q - 2804 = 7*q. Is q a composite number?
False
Suppose -20 = 4*q, -5*a - 15*q + 97205 = -17*q. Is a composite?
True
Is 4 + 2 - (-1579)/1 composite?
True
Let c be (-22)/33 + (-2458)/(-6). Let w = c - -298. Suppose -4*j = -473 - w. Is j a prime number?
False
Let x be 286/66 - (-2)/(-6). Suppose 6238 + 790 = x*p. Is p a prime number?
False
Suppose 0 = -5*a, -4*n + 0*n = 2*a. Suppose n = 2*h - 6*h - s + 2869, 3*h - s = 2150. Is h prime?
False
Let d(a) = -5*a**3 + 4*a**2 - 7*a + 19. Is d(-7) prime?
True
Let n = -45 + 85. Suppose a + n = 5*a. Suppose a = -3*l + 277. Is l composite?
False
Let h(d) be the first derivative of -d**4/4 + 13*d**3/3 + d**2 - 5*d - 67. Let z(f) = -11*f + 1. Let q be z(-1). Is h(q) a composite number?
False
Let d(b) = -353*b + 15. Let y be d(8). Let l = 3946 + y. Is l composite?
True
Let z = 5 - 1. Suppose 6*c + z*j = 4*c, 0 = -2*c + 2*j - 6. Is (-2 - 4/c) + 307 a composite number?
False
Let x = 3085 + 36212. Is x a prime number?
False
Let n(v) = 2*v**2 - v. Let c(k) = 2*k**2 - 2*k - 1. Suppose -18*w = -13*w + 25. Let y(s) = w*c(s) + 6*n(s). Is y(-11) a prime number?
False
Suppose -4*m + 88 = -24. Is m/7 + (0 - 4) + 6491 composite?
False
Suppose -8*b + 84 = -10*b. Let j = 11 - b. Is j composite?
False
Let r = -14156 - -32047. Is r composite?
False
Suppose -3*t + 3 = x - 1, 8 = 3*t - x. Is 1*(t - 4) - -309 composite?
False
Suppose 0 = 4*u - 0*u + 4*f + 12, 0 = u - 4*f - 12. Suppose u = 13*y - 2542 - 1956. Is y composit